(f) be the second derivative of -f**5/20 + f**3 - 3*f**2/2 + 4*f. Let l be g(2). What is the units digit of ((-72)/(-16))/(l/(52/2))?
7
Let x = 6805 - 1231. What is the tens digit of x?
7
Let z(j) = -91*j - j**3 + 412 + 182*j - 8*j**2 - 93*j. What is the hundreds digit of z(0)?
4
Let t = 2055 + 13613. What is the ten thousands digit of t?
1
Suppose 2*h - 1359 = -j, -3*j - 315 = -4*h + 2428. Let g = -438 + h. What is the tens digit of g?
4
Let o = 3862 + -2751. Suppose -6*l + 5353 - o = 0. Suppose 11*t - l = 1031. What is the tens digit of t?
5
Suppose 4*r = 5*r - 4*h, -4*r - 2*h = 18. Let z be -3*(-33 + r/(-1)). Suppose -162 = -3*d + z. What is the tens digit of d?
8
Let q(k) = 2*k**2 + 13*k + 4. Let z be q(-8). Let v(b) = 6*b**2 - 25*b - 14. Let n(r) = -r**2 + 1. Let y(x) = 5*n(x) + v(x). What is the tens digit of y(z)?
7
Let l(t) = 25*t**2 + 2*t - 194. What is the tens digit of l(11)?
5
Let u = -307 - -815. What is the tens digit of u?
0
Suppose 4*o + 48 = 4*h, -4*h - 28 = 4*o - 3*h. Let g = 36 + -30. What is the units digit of o/3 - -2 - (-88)/g?
4
Suppose -7*h - 3*o + 121 = -5*h, o + 249 = 4*h. Suppose 3*i + h = -2*c, 2*i + 176 - 68 = -4*c. Let s = c + 36. What is the units digit of s?
1
Let z = 5356 + -4772. What is the hundreds digit of z?
5
Let l(u) be the second derivative of u**3/3 + 23*u**2/2 - u - 23. What is the units digit of l(-7)?
9
Suppose -v + 837 = -2495. What is the tens digit of v?
3
Let g = -8444 - -14947. What is the tens digit of g?
0
Let a be 1197/81 + 4/18. Suppose 6*m - a + 3 = 0. Suppose m*v = -10, 4*x + 2*v - 232 = -2*v. What is the tens digit of x?
6
Let q(l) = -l**2 - 3*l. Let v be q(-4). Let c(n) = n**2 + 2441*n**3 + n - 23 + 0*n - 4*n - 2442*n**3. What is the tens digit of c(v)?
6
Suppose 5*p + 3*v - 9 = -6, 0 = p + v + 1. Suppose 1324 = p*l + 4*q, 5*q = l + 8*q - 448. What is the units digit of l?
6
What is the tens digit of 35/(-16 + 11) - -1158?
5
Let q(z) be the third derivative of -3*z**3 + 0*z - 1/6*z**4 + 0 + 1/30*z**5 - 10*z**2. What is the tens digit of q(6)?
3
Suppose 14621 - 75105 = -3*c - 4*y, -2*c - 3*y = -40321. What is the hundreds digit of c?
1
Suppose 1338*q - 1337*q = 9. Suppose -5*p = q*p - 24976. What is the units digit of p?
4
Suppose -309*m = -322*m - 65. What is the units digit of (-9 - -19)/m - -608?
6
Let j(h) = -h**2 - h + 1. Let i(l) = -70*l**2 - 4*l. Let g(q) = -i(q) + j(q). What is the hundreds digit of g(-2)?
2
Let p = 17269 - 3157. What is the hundreds digit of p?
1
Suppose 694*b + 5185 = 711*b. What is the hundreds digit of b?
3
Let i be (-9222)/(-14) + (-16)/(-56). Let r = i + -303. What is the hundreds digit of r?
3
Let p = -5624 - -10177. What is the tens digit of p?
5
Let u(l) = -40. Let r(k) = k + 39. Let q(t) = -5*r(t) - 4*u(t). Let j be q(-10). Suppose 3*n = -j, -5*x - n = 53 - 358. What is the units digit of x?
2
Let c(q) = -6 - 2 + 10*q + 28*q. Let a(l) = 77*l - 17. Let w(v) = 4*a(v) - 9*c(v). What is the units digit of w(-5)?
4
Let d(j) = -j**2 - 2*j + 29. Let u be d(-6). Suppose -4*w = -u*w + 264. What is the units digit of w?
4
What is the units digit of 9*(9 + -10) - -1660?
1
Let n = 26969 + -12335. What is the tens digit of n?
3
Let z = -577 + 580. Suppose 0 = -8*o + 4*o - z*t + 2760, -5*t = -2*o + 1380. What is the units digit of o?
0
Let x(k) = -k**2 - k + 16. Let p be x(3). Suppose 0 = -5*v - p*w + 244 + 305, 0 = -3*v - 5*w + 319. What is the units digit of v?
3
Suppose 0 = -57*a + 52*a + 15. Let x be ((-4)/(-8))/((-2)/(-1308)*a). Let l = -63 + x. What is the tens digit of l?
4
Suppose 2*j = -z + 20505, 5*z + 45*j = 42*j + 102483. What is the tens digit of z?
9
Suppose 5*j - 16255 = -5*r, -208*j + 213*j = -15. What is the hundreds digit of r?
2
Suppose 2*x + 5*z + 19 = 0, -4*x - z + 27 = -4*z. Suppose -x*w + 105 + 348 = 0. What is the hundreds digit of w?
1
Let i(l) = 137*l**2 - 11*l + 23. Let f be i(2). Let h = -419 + f. What is the hundreds digit of h?
1
Suppose 0 = -b + 2*s + 35575, -5*b + 87*s + 177931 = 84*s. What is the ten thousands digit of b?
3
What is the thousands digit of -1*10147*(-11)/11?
0
Let t be ((-72)/(72/8))/(1/4). What is the tens digit of (180/8 + 3)*(2 - t)?
6
Suppose -510*l = -517*l + 19691. Suppose 2*x + 557 = -4*o + l, -5*o = x - 2826. What is the units digit of o?
6
Let a = -495 - -650. Let z = a + -6. What is the units digit of z?
9
Suppose 4*w = -k + 12121, 69*w = k + 71*w - 12129. What is the ten thousands digit of k?
1
What is the units digit of 3/(-5)*(548947/(-21) - -22)?
1
Let i(n) = -2*n**2 + 19*n - 15. Suppose 0 = -2*j + 7*j - 45. Let l be i(j). What is the units digit of (-80)/(-12) - 8/l?
8
Suppose 0 = 4*s + 157 + 15. What is the units digit of (s + (0 - 3))*-2?
2
Suppose -8*m = -0*m - 24. Let y(u) = 36*u**2 - 6*u + 2. What is the units digit of y(m)?
8
Let k be 6 - (0 - (2 - 6)). Suppose -12*z + 15*z = 420. Suppose b - 3*b = 3*t - 221, -5*b = k*t - z. What is the tens digit of t?
7
Let i be (8 - (-5 - -10))*9. Suppose 34*d - 13664 = i*d. What is the thousands digit of d?
1
Suppose -554549 - 281598 = -7*l - 196186. What is the units digit of l?
3
Suppose 4*x = -0*x - 3*z, 0 = 3*x + 4*z + 7. Suppose -3*i + x = -18. What is the units digit of i?
7
Let i = -15 - -14. Let j be 1/(0 + i/43). Let n = j + 63. What is the units digit of n?
0
Let b(r) = r**2 - 9. Let z be b(7). Suppose 0 = 5*v + 5*v - z. Suppose -4*s - 4*u + 44 = 0, -s = -u - v*u - 41. What is the tens digit of s?
1
Let q(u) = -u**3. Let n(w) = 5*w**3 + w**2 - 2*w - 4. Let z(h) = -n(h) + 6*q(h). Suppose -2*l = -2*b + 12, -2*b - 3 = -11. What is the units digit of z(l)?
4
Let u(x) = -1029*x + 6267. What is the ten thousands digit of u(-28)?
3
Let c(t) be the third derivative of -t**6/120 - 2*t**5/15 - 5*t**4/24 + 2*t**3/3 - 76*t**2. Let z(v) = 3*v + 3. Let a be z(-4). What is the units digit of c(a)?
0
Let r be (8/6)/(18/81). What is the tens digit of (-15847)/(-46) + r/4?
4
Let k(r) be the second derivative of 13*r**2 + 0 + 17/12*r**4 + 1/20*r**5 - 12*r - 3*r**3. What is the units digit of k(-18)?
6
What is the units digit of (-8356)/(-2) - (6 - 8)?
0
Let r(y) be the third derivative of y**5/20 + 2*y**4/3 - y**3/2 + y**2. Let o be r(-6). Let s = o + 193. What is the hundreds digit of s?
2
What is the thousands digit of 1 + 6 - ((-57918)/(-12))/(3/(-6))?
9
Let s be 5 + -73*(8/2 + -14). Let x = s + 165. What is the hundreds digit of x?
9
Let k = -9480 - -15934. What is the hundreds digit of k?
4
Let t(b) = 103*b**2 - b. Suppose 12*i + 8 = 8*i + 5*n, 5*i - 5*n = -10. What is the units digit of t(i)?
4
Suppose -2*w - 9*w = 2805. Let y = -142 - w. What is the tens digit of y?
1
Suppose -60*z = 4*z - 1462016. What is the ten thousands digit of z?
2
Suppose -9*o + 252 + 36 = 0. Suppose 0 = 6*n - o - 4. Suppose n*l + 57 = 351. What is the tens digit of l?
4
Let u be (-46)/(-4)*-6*143/39. Let d = 1174 + u. What is the tens digit of d?
2
Suppose -3*c + 34823 = n - 20851, -n = 5*c - 55674. What is the thousands digit of n?
5
Let m = -44 - -35. Let y be (-42)/m - 3/(-9). Suppose -199 = -y*a + 3*o, 9 = -3*o - 0*o. What is the units digit of a?
8
Suppose -c + 95 = -0*c + 2*h, 3*c + 3*h - 285 = 0. Suppose 7 + 5 = 4*i. Suppose i = -n + c. What is the units digit of n?
2
Suppose 0*m = 28*m - 215236. What is the hundreds digit of m?
6
Suppose 877*v - 891*v + 37968 = -17094. What is the thousands digit of v?
3
Suppose -5*x + 7256 = z, -2*x = 47 - 57. What is the thousands digit of z?
7
Suppose 0 = 3*p + 2*v + 4, -2*v - 2*v = -2*p + 24. Suppose -13*n + 1727 = -p*n. What is the units digit of (-5 + 1 - n)*(2 - 3)?
1
Let i = 16 - -556. Suppose -i = -7*v + 1017. What is the hundreds digit of v?
2
Let z(a) = a**2 + 40*a - 58. Let i be z(-42). Suppose -i*q + 23*q = -2052. What is the tens digit of q?
8
Let i = 8257 - 4852. What is the units digit of i?
5
Let r = -20726 - -44056. What is the tens digit of r?
3
Let l = 94 - 89. Let o(q) be the third derivative of q**6/40 - q**5/5 - q**4/24 + q**3/6 - q**2. What is the units digit of o(l)?
1
Let o = 6463 + -4596. Let y = o - 1033. What is the tens digit of y?
3
Suppose -5*p + 149305 - 49613 + 82908 = 0. What is the units digit of p?
0
Let k = -1930 + 1926. Let l(c) = 6*c + 7*c + 3 + 4*c**2 - 5*c. What is the units digit of l(k)?
5
Suppose 49